t is 32533 + -3?
32530
In base 13, what is -5 + -1906?
-190b
In base 8, what is -70 - 162?
-252
In base 8, what is 6 + 1256?
1264
In base 12, what is aa2 + -2?
aa0
In base 12, what is -5 + 18a?
185
In base 16, what is ee6 + -5?
ee1
In base 16, what is -c - -b?
-1
In base 3, what is -220 + -2?
-222
In base 13, what is 91 + -7b?
13
In base 6, what is 30 + -4?
22
In base 7, what is 5 - 242?
-234
In base 15, what is -be - -1d?
-a1
In base 10, what is -1 + -44?
-45
In base 11, what is -8103 - -2?
-8101
In base 10, what is -14 + -12?
-26
In base 8, what is -3 - 16?
-21
In base 10, what is 963 - -32?
995
In base 10, what is 4 + -32?
-28
In base 12, what is 8b4 - -5?
8b9
In base 2, what is -101 - -10010101010000?
10010101001011
In base 3, what is -222111 - -1?
-222110
In base 10, what is -1144 + -2?
-1146
In base 7, what is -23 - -65?
42
In base 3, what is 2 - -2111?
2120
In base 8, what is 54 - 62?
-6
In base 15, what is 3 + 18?
1b
In base 10, what is -12948 - 2?
-12950
In base 14, what is 0 + -120?
-120
In base 6, what is -2245 - -4?
-2241
In base 10, what is -43 + 32?
-11
In base 16, what is -2 - 5e?
-60
In base 6, what is -2432 - 2?
-2434
In base 15, what is -4 + 10?
b
In base 15, what is ba - 1?
b9
In base 6, what is -4 + 315?
311
In base 3, what is 2001211121 - -2?
2001211200
In base 16, what is -10b1 + -3?
-10b4
In base 11, what is 274 - -9?
282
In base 3, what is -10101 + 21022?
10221
In base 16, what is -4 + 30?
2c
In base 11, what is 2 - -41?
43
In base 7, what is 321652 + 3?
321655
In base 14, what is 4 - -51c?
522
In base 2, what is 101 - -1010010?
1010111
In base 5, what is -4 - 101004?
-101013
In base 10, what is -2 - -219?
217
In base 6, what is 314 + 33?
351
In base 11, what is 171 - -2?
173
In base 6, what is -1 + 35?
34
In base 7, what is -2 + -1522?
-1524
In base 16, what is -637 + 1?
-636
In base 10, what is -55 + -3?
-58
In base 6, what is 4 - -1525?
1533
In base 2, what is -1111 + 1001010?
111011
In base 12, what is 5 + -9?
-4
In base 8, what is -2 + 34?
32
In base 3, what is 1 - -21000?
21001
In base 14, what is -47 - -5?
-42
In base 2, what is 1101 + -10101000111?
-10100111010
In base 8, what is -52 - -26?
-24
In base 4, what is 22 + 1211?
1233
In base 6, what is -1225 - -5?
-1220
In base 12, what is 30 + 3?
33
In base 9, what is -15 - 33?
-48
In base 7, what is 0 - 31?
-31
In base 3, what is -11 + -10001?
-10012
In base 5, what is -1 + 202130?
202124
In base 6, what is 43 + -320?
-233
In base 2, what is 11001000 - 10?
11000110
In base 4, what is 3112 + 11?
3123
In base 6, what is -12 + -5?
-21
In base 6, what is 1 + 132?
133
In base 11, what is 5 + 44?
49
In base 16, what is 3 - 5f?
-5c
In base 5, what is -1202 + 1?
-1201
In base 14, what is -1 + -455?
-456
In base 16, what is ffc0 + -2?
ffbe
In base 16, what is -ee - -6?
-e8
In base 10, what is 1745 + 1?
1746
In base 3, what is 2010 + -2?
2001
In base 10, what is 61 + -3?
58
In base 14, what is -2ad + 3?
-2aa
In base 3, what is 111 - 10021?
-2210
In base 2, what is -11 - -10101101?
10101010
In base 8, what is -22213 - 5?
-22220
In base 15, what is -1 - -224?
223
In base 11, what is 5 - 7a2?
-798
In base 9, what is -167 - -1?
-166
In base 10, what is -76 - 1?
-77
In base 12, what is 11 + 14?
25
In base 12, what is 1 - 469?
-468
In base 5, what is -2 + 0?
-2
In base 16, what is f0 - 3?
ed
In base 13, what is 4 - -138?
13c
In base 6, what is -5 + 242?
233
In base 13, what is 2 - 2b1?
-2ac
In base 16, what is -1a8 + -3?
-1ab
In base 13, what is -2 - 8c7?
-8c9
In base 3, what is -222 + 2?
-220
In base 14, what is 5ad - -d?
5bc
In base 4, what is 30210 + -2?
30202
In base 16, what is 0 + 5e?
5e
In base 14, what is 1a8 - a?
19c
In base 16, what is 1e6 - -b?
1f1
In base 9, what is 3738 + -5?
3733
In base 7, what is 21 - 20?
1
In base 11, what is -142 + -2?
-144
In base 2, what is -11 + 101?
10
In base 15, what is 9e + 0?
9e
In base 15, what is 47c + 0?
47c
In base 15, what is -218 - 1?
-219
In base 3, what is 1012200 + 1?
1012201
In base 8, what is -26 - 225?
-253
In base 5, what is 3224 - -2?
3231
In base 4, what is 1330 + -21?
1303
In base 9, what is -7626 + 0?
-7626
In base 14, what is 1 - -10a?
10b
In base 14, what is -29 + -35?
-60
In base 2, what is -101 + -10?
-111
In base 11, what is -3 - aa?
-102
In base 16, what is 2 - -32?
34
In base 6, what is 2 - 103?
-101
In base 9, what is 2 - 150?
-147
In base 12, what is 1 + -13?
-12
In base 14, what is -2 + -660?
-662
In base 4, what is -101101 + 131?
-100310
In base 6, what is 1541 - -4?
1545
In base 8, what is 154 - 1?
153
In base 7, what is 5 - -1261?
1266
In base 6, what is 452 + -1?
451
In base 7, what is -30 + 504?
444
In base 6, what is 53 + -32?
21
In base 5, what is -4142 - 4?
-4201
In base 8, what is -505 + -4?
-511
In base 11, what is -4 + 17?
13
In base 12, what is 5 + 2a4?
2a9
In base 13, what is -6 - -87?
81
In base 11, what is -323 - 5?
-328
In base 12, what is 5 - -1a?
23
In base 8, what is -14 + -5?
-21
In base 4, what is -33 + 130?
31
In base 7, what is 2 + -423?
-421
In base 11, what is 47 + 137?
183
In base 9, what is -5 + -1051?
-1056
In base 16, what is 5 - 41b?
-416
In base 11, what is 8 - 12?
-5
In base 2, what is 10 + 101110?
110000
In base 6, what is 3 + -100?
-53
In base 6, what is 4 - -1211?
1215
In base 8, what is 5 + -1271?
-1264
In base 6, what is -5 + -34201?
-34210
In base 10, what is -7 + -1288?
-1295
In base 2, what is 110101 + -101?
110000
In base 14, what is 4 + 18?
1c
In base 8, what is 3 - 2405?
-2402
In base 2, what is -10 + -11000?
-11010
In base 12, what is 2 - 77?
-75
In base 7, what is -1 - 101?
-102
In base 10, what is -5 - -285?
280
In base 9, what is 2681 + -11?
2670
In base 5, what is 2 + 214?
221
In base 10, what is 4 + 275?
279
In base 11, what is -1 - -2313?
2312
In base 15, what is -2 - 0?
-2
In base 4, what is -11 + -13012?
-13023
In base 2, what is 10 - 11101?
-11011
In base 6, what is 10 - -24?
34
In base 6, what is -1354 - 3?
-1401
In base 9, what is 3 + -3?
0
In base 9, what is -70 + -2?
-72
In base 5, what is -41 - 1434?
-2030
In base 11, what is 31 - 1?
30
In base 10, what is 2 + -56?
-54
In base 3, what is 0 - -2102?
2102
In base 6, what is 3322 - -5?
3331
In base 11, what is -3 + 147?
144
In base 3, what is -1 + 2012210?
2012202
In base 4, what is -11 + 31103?
31032
In base 5, what is 30040 - -3?
30043
In base 3, what is -101 - -2021?
1220
In base 11, what is 5 - -538?
542
In base 10, what is -20149 + 1?
-20148
In base 3, what is -1122 + -1000?
-2122
In base 12, what is -197 + 10?
-187
In base 4, what is -2 - 1001?
-1003
In base 8, what is -6 + 50?
42
In base 10, what is 1 - -2229?
2230
In base 2, what is 101 - -11100010?
11100111
In base 13, what is 1b + 4?
22
In base 15, what is 19 + -1?
18
In base 16, what is 2b + -21?
a
In base 7, what is 52 - -1?
53
In base 4, what is 202 + 23?
231
In base 8, what is -4 - -6775?
6771
In base 5, what is -122 + 11?
-111
In base 10, what is -223 - 5?
-228
In base 6, what is 4 - 3521?
-3513
In base 4, what is 1 - -1023121?
1023122
In base 14, what is -44 - 14a?
-190
In base 6, what is 13 - 3421?
-3404
In base 7, what is 51 + 1023?
1104
In base 9, what is -4 - 3?
-7
In base 12, what is 0 + 4b?
4b
In base 9, what is 8 + 31?
40
In base 10, what is 5 - 3256?
-3251
In base 12, what is 2 + 1195?
1197
In base 13, what is 2 + -46c?
-46a
In base 10, what is -2 - -213?
211
In base 12, what is -3 + 435?
432
In base 9, what is 1140 + -5?
1134
In base 6, what is 1053 + 0?
1053
In base 11, what is 909 + 3?
911
In base 4, what is 11312 - 2?
11310
In base 13, what is -2 + -8a5?
-8a7
In base 2, what is 11001100 - 1111?
10111101
In base 12, what is -4 + -23?
-27
In base 9, what is 76 - -4?
81
In base 3, what is 111120 + 102?
111222
In base 8, what is 0 + -56?
-56
In base 13, what is 48 + 1?
49
In base 14, what is -1 + b4c?
b4b
In base 3, what is -100101212 + 2?
-100101210
In base 2, what is 1001100 + -11?
1001001
In base 10, what is 1 + 103?
104
In base 2, what is -11 + -11000000?
-11000011
In base 11, what is 4 - 11a1?
-1198
In base 13, what is 58 + -6?
52
In base 8, what is -16 - -71?
53
In base 14, what is -143 + 5?
-13c
In base 2, what is -10 + 100000?
11110
In base 12, what is -2 - 23?
-25
In base 6, what is -4 - -105?
101
In base 5, what is -210